e highest common divisor of 29271 and 33.
33
What is the greatest common factor of 38 and 968069?
19
Calculate the highest common divisor of 1396897 and 388.
97
What is the highest common divisor of 30774 and 2622?
138
Calculate the highest common factor of 3212190 and 165.
15
Calculate the greatest common factor of 13912 and 2664.
296
Calculate the highest common divisor of 10538 and 110.
22
Calculate the highest common factor of 75984 and 288.
48
What is the highest common factor of 110 and 4184290?
110
What is the highest common factor of 136 and 160582?
34
Calculate the greatest common factor of 31713 and 253.
11
What is the greatest common divisor of 29256 and 112996?
212
Calculate the highest common divisor of 97680 and 825.
165
What is the highest common factor of 146 and 71321?
73
Calculate the greatest common divisor of 349516 and 8.
4
Calculate the greatest common divisor of 318352 and 80.
16
Calculate the greatest common factor of 8908 and 11659.
131
What is the greatest common divisor of 2184 and 46410?
546
What is the highest common factor of 1854 and 132046?
206
Calculate the highest common factor of 704104 and 311.
311
Calculate the greatest common divisor of 21 and 78981.
21
Calculate the greatest common divisor of 106837 and 19.
19
What is the greatest common factor of 434 and 39?
1
What is the greatest common factor of 1111908 and 12?
12
What is the highest common factor of 638 and 49390?
22
Calculate the greatest common divisor of 1550 and 752525.
775
Calculate the highest common factor of 19067 and 69.
23
Calculate the highest common divisor of 1200 and 330.
30
Calculate the highest common factor of 21 and 627627.
21
What is the greatest common divisor of 85914 and 297?
27
Calculate the greatest common divisor of 970 and 180.
10
Calculate the highest common divisor of 1504 and 1175.
47
Calculate the highest common divisor of 2780 and 99140.
20
Calculate the greatest common factor of 319912 and 6.
2
Calculate the highest common factor of 69360 and 90.
30
What is the greatest common divisor of 1124827 and 11?
11
Calculate the highest common divisor of 31556 and 13041.
161
What is the highest common divisor of 32164 and 602?
86
What is the greatest common factor of 1160 and 2360?
40
Calculate the greatest common divisor of 26832 and 14276.
172
Calculate the greatest common factor of 105904 and 4016.
16
What is the greatest common factor of 3587 and 23843?
211
What is the greatest common factor of 19584 and 2142?
306
What is the greatest common divisor of 1261 and 221?
13
Calculate the greatest common factor of 42 and 5034.
6
Calculate the highest common divisor of 63873 and 9.
9
Calculate the greatest common divisor of 52 and 25337.
13
Calculate the highest common factor of 11590 and 370.
10
What is the greatest common divisor of 27024 and 741471?
1689
Calculate the highest common factor of 784 and 186928.
112
Calculate the highest common divisor of 23905 and 945.
35
What is the greatest common divisor of 34305 and 30?
15
Calculate the greatest common divisor of 42313 and 17.
17
Calculate the greatest common divisor of 190 and 56905.
95
Calculate the greatest common divisor of 6326509 and 7.
7
Calculate the highest common factor of 261 and 253431.
261
What is the greatest common divisor of 1204 and 588?
28
What is the highest common factor of 6205 and 425?
85
Calculate the highest common divisor of 13224 and 551.
551
Calculate the greatest common divisor of 22725 and 866277.
909
Calculate the highest common factor of 14991 and 513.
57
Calculate the greatest common factor of 138600 and 25.
25
Calculate the greatest common factor of 268 and 28.
4
Calculate the greatest common divisor of 212832 and 3936.
96
Calculate the greatest common divisor of 7043695 and 865.
865
What is the highest common factor of 4063 and 340?
17
Calculate the highest common factor of 31 and 178033.
31
Calculate the highest common factor of 391 and 9741.
17
Calculate the highest common divisor of 30572 and 16.
4
Calculate the highest common factor of 248 and 254882.
62
What is the greatest common factor of 884 and 234260?
884
What is the highest common divisor of 9982 and 805?
161
Calculate the greatest common divisor of 143951 and 2501.
41
What is the highest common factor of 429 and 1322442?
33
What is the highest common divisor of 62118 and 2618?
238
Calculate the greatest common factor of 177 and 1977.
3
Calculate the greatest common factor of 763 and 410821.
109
What is the greatest common divisor of 4094 and 4450?
178
Calculate the highest common divisor of 4872 and 273354.
174
What is the greatest common factor of 21534 and 222?
222
What is the highest common divisor of 16711389 and 9?
9
What is the greatest common divisor of 1740760 and 280?
280
What is the highest common factor of 20539 and 57?
19
What is the highest common factor of 973 and 1337041?
139
What is the greatest common divisor of 104 and 52000?
104
What is the highest common divisor of 10785 and 2160?
15
Calculate the greatest common divisor of 586 and 88779.
293
Calculate the highest common factor of 5456 and 16120.
248
What is the highest common factor of 101362 and 118?
118
Calculate the highest common divisor of 221 and 3223064.
221
Calculate the highest common factor of 319555 and 395.
395
Calculate the greatest common factor of 3630407 and 33.
11
Calculate the greatest common divisor of 4671 and 297.
27
What is the highest common factor of 16948 and 988?
76
What is the highest common divisor of 27 and 512?
1
What is the greatest common factor of 209964 and 24?
12
Calculate the greatest common divisor of 412096 and 423.
47
What is the greatest common factor of 3501082 and 2210?
442
Calculate the highest common factor of 117 and 13221.
117
What is the highest common factor of 84 and 13986?
42
What is the highest common divisor of 177923 and 905?
181
Calculate the highest common factor of 43462 and 3472.
62
What is the highest common factor of 1584 and 6198?
6
Calculate the highest common divisor of 10466115 and 4110.
2055
Calculate the highest common divisor of 306 and 198.
18
Calculate the highest common factor of 24 and 249416.
8
Calculate the highest common factor of 1327156 and 272.
68
Calculate the greatest common factor of 202305 and 285.
15
Calculate the highest common divisor of 10659 and 582879.
561
What is the greatest common factor of 8624 and 2618?
154
Calculate the greatest common factor of 17985 and 825.
165
Calculate the greatest common divisor of 20 and 105320.
20
What is the highest common divisor of 6 and 39126?
6
Calculate the highest common divisor of 38 and 88862.
2
What is the highest common divisor of 7458 and 7062?
66
What is the highest common factor of 462550 and 275?
275
Calculate the highest common divisor of 320 and 16640.
320
What is the highest common factor of 276576 and 129?
129
Calculate the greatest common factor of 3902832 and 144.
144
Calculate the greatest common divisor of 1518 and 726.
66
Calculate the highest common factor of 421536 and 1248.
96
Calculate the greatest common divisor of 5738 and 1208.
302
What is the highest common factor of 448492 and 308?
44
Calculate the highest common factor of 4 and 3026.
2
Calculate the highest common factor of 143 and 382701.
11
What is the highest common factor of 689 and 40417?
13
What is the highest common factor of 264 and 1836?
12
Calculate the highest common divisor of 23731 and 532.
19
Calculate the greatest common divisor of 459240 and 360.
120
Calculate the highest common divisor of 1074 and 4734.
6
What is the greatest common divisor of 1711 and 14239?
29
Calculate the greatest common factor of 721 and 15701.
7
Calculate the highest common factor of 2449674 and 54.
18
Calculate the highest common factor of 223691 and 26.
13
What is the highest common divisor of 6021 and 15833?
223
Calculate the greatest common factor of 1972626 and 326.
326
Calculate the highest common divisor of 417685 and 35.
5
What is the highest common factor of 454 and 206797?
227
What is the highest common divisor of 232726 and 39?
13
What is the greatest common divisor of 1644133 and 122?
61
What is the highest common factor of 3941 and 118793?
563
Calculate the greatest common factor of 27520 and 360.
40
What i